 - 3*h + l*h, m = n - 5*h - 36. What is the tens digit of n?
1
Let p = 23 - 16. Let n = p + -3. What is the units digit of n?
4
Let k(s) = s**2 - 6*s - 3. Let n be k(7). Let m(f) = f**3 - 4*f**2 + 4*f - 1. What is the units digit of m(n)?
5
Suppose -7 = -3*b + 2*x + 5, 0 = -b + 3*x + 4. What is the units digit of b?
4
Let j(q) = -q**3 + q**2 + 3*q + 1. Let k be -4 + (1 - (-3)/3). What is the units digit of j(k)?
7
Let z(y) = -14*y + 11. What is the tens digit of z(-9)?
3
Let l = -42 - -138. What is the tens digit of l?
9
Let u(j) = j + 1. Let f be u(-9). Let z be (-364)/f - (-2)/(-4). Suppose -4*v - v = -z. What is the units digit of v?
9
Let s = 36 - 21. What is the tens digit of s?
1
Suppose 5*y - 20 = 0, -5*f + 2 = y - 2. Let m = 3 + f. What is the units digit of m?
3
Suppose 0 = 4*y - k + 12, -y - y = k + 12. What is the units digit of (-1)/y - (-21)/12?
2
Let p(m) = 10*m - 4. What is the tens digit of p(9)?
8
Suppose -5*n + 25 = -130. What is the tens digit of n?
3
Let z = -2 + 4. Let q = z - 1. What is the units digit of q?
1
What is the units digit of ((-12)/(-10))/(12/270)?
7
What is the units digit of (-102)/8*(-32)/6?
8
Suppose 5*q = 24 + 51. What is the units digit of -4*(q/(-3) + 3)?
8
Let g(i) = i**3 + 6*i**2 - i - 3. Let f be g(-6). Let l be (f/(-9))/(1/(-9)). Suppose 2*s - 3 - l = 0. What is the units digit of s?
3
Suppose 35*c = 38*c - 90. What is the units digit of c?
0
Let d = 121 + -72. What is the tens digit of d?
4
Let h = -23 + 52. What is the units digit of h?
9
Suppose o + o - 6 = 0. What is the tens digit of o/9*(-48)/(-1)?
1
Let y(c) = c**2 - 6*c - 11. Let s = -15 - -23. Let g be y(s). Suppose 15 = -0*t + g*t. What is the units digit of t?
3
Let r = -33 - -132. What is the tens digit of r?
9
Suppose -3 = p - 13. Suppose -7*h - 60 = -p*h. What is the units digit of h?
0
Suppose -4*l = v - 3*l - 5, 4*l - 20 = 0. Suppose -q = -2 - v. Suppose -4*c - c - 2*p = -36, -4*c = -q*p - 18. What is the units digit of c?
6
What is the units digit of (4 + -3 + -66)*-1?
5
Let v(s) = -s + 7. Let y(h) = h + 1. Let q(b) = -v(b) + 2*y(b). Let i be q(5). Let u = 14 - i. What is the units digit of u?
4
Let h(g) = -2*g - 3 - 4*g - 2*g - 3*g. What is the tens digit of h(-3)?
3
Suppose x = -3*x + n + 255, -n + 5 = 0. Suppose o - 5*o + 52 = 3*g, 5*o + 2*g - x = 0. What is the units digit of o?
3
Suppose 78*w + 122 = 80*w. What is the tens digit of w?
6
Let y(u) be the first derivative of u**3/3 - u**2 - 3*u + 1. Let o = 32 + -27. What is the tens digit of y(o)?
1
Let m(f) = -4. Let v(s) = -s + 4. Let z(t) = 2*m(t) + 3*v(t). What is the units digit of z(-6)?
2
Suppose -5*q = 3*b - 63 + 6, -3*q + b + 37 = 0. What is the tens digit of q?
1
Let n(t) = -17*t + 8. What is the tens digit of n(-3)?
5
Let z = 21 + 54. What is the tens digit of z?
7
Suppose -2*f + 0*p - 6 = 4*p, -p + 6 = 3*f. Suppose -4*z + 17 = -a, -z = a - f*z + 9. What is the tens digit of 1 + (1 - -9 - a)?
1
Let b be (8/6)/((-3)/9). Let x = b + 8. Let w = 4 + x. What is the units digit of w?
8
Let x = 86 + -34. Suppose -5*k - 2*u = -285 + x, 5*u - 155 = -3*k. What is the units digit of k?
5
Let u(i) be the third derivative of -i**6/120 - i**5/30 - i**4/12 + i**3/3 + 3*i**2. Suppose -3*z = 5*v + 10, 0 = 6*z - 2*z. What is the units digit of u(v)?
6
Let y(z) = 2*z**2 - 6*z - 9. What is the units digit of y(6)?
7
Let j(q) = 3*q - 5*q + 5*q - 3 + 7*q. Let l be j(2). Suppose 11 + l = 4*u. What is the units digit of u?
7
Let s be (4/12)/((-2)/(-18)). Suppose -5*w + 54 = -4*m, 3*m + s = -3*w - 24. Let r = m - -17. What is the units digit of r?
6
Let c(l) = -l**2 - 16*l + 4. What is the units digit of c(-11)?
9
Let r(t) = -t + 5. Let n = -2 + 49. Suppose -12 = -3*d, 5*w = -0*w + 3*d - n. What is the tens digit of r(w)?
1
Let b = -9 + 9. What is the tens digit of (-45)/(-3)*(1 - b)?
1
Suppose -l = -6*l + 30. Let p = 18 - l. What is the units digit of p?
2
Let x(a) = -a. Let f(m) = 9*m - 3. Let b(d) = f(d) + 5*x(d). Let k be b(2). Let o = 1 + k. What is the units digit of o?
6
What is the tens digit of 18 + -1*(2 - 5)?
2
What is the tens digit of (-3955)/(-63) + (-4)/(-18)?
6
What is the units digit of ((-1)/(-1))/1 - -1?
2
Let r(j) be the second derivative of j**4/12 - 3*j**3/2 + 11*j**2/2 + j. Suppose -3*v + 8 = -16. What is the units digit of r(v)?
3
Suppose r = 3*t + 5, 2 - 3 = -3*r - 5*t. Suppose r*k + 24 = 2*u - k, 70 = 3*u + 4*k. Suppose m - 3*b + 1 = 0, 4*m = m + 2*b + u. What is the units digit of m?
8
Let q = 111 + -77. What is the tens digit of q?
3
Let a(r) = -r**3 - 3*r**2 - 5*r - 8. What is the tens digit of a(-4)?
2
Suppose -3*c - 2*v + 4*v - 9 = 0, c - v = -4. Let x(o) = o**3 - 5*o**2 + 5*o - 5. Let n be x(4). What is the tens digit of n*(c - 0) + 16?
1
Let z(t) be the third derivative of -2*t**3 + 0*t + 2*t**2 + 0 - 1/12*t**4. What is the units digit of z(-8)?
4
Let j = 14 + 84. What is the tens digit of j?
9
Suppose 3*t = t - 138. Let y = -49 - t. Suppose -2*j + 7*j - y = 0. What is the units digit of j?
4
Let f be 8 - 4 - (1 - 0). Suppose -8 = -f*a + 1. What is the units digit of a?
3
Suppose -14*i + 194 = -12*i. Let s = i - 48. What is the tens digit of s?
4
Let f(j) = 204*j + 9. What is the hundreds digit of f(1)?
2
Suppose 1 - 37 = -4*l + 4*g, 2*g + 26 = 3*l. What is the units digit of l?
8
Suppose 0*k + 3*k + 18 = 0. Let x = -2 - k. Suppose -x*m + 14 = -2*m. What is the units digit of m?
7
Let u = -61 - -106. What is the units digit of u?
5
Suppose 9 = 2*w + 5. Suppose x = -w*x + 6. What is the units digit of x?
2
Let l(v) = -v**3 - 5*v**2 - v + 14. What is the tens digit of l(-6)?
5
Let b be 1/1 + 1 + -2. Let d = -47 + 51. Suppose 4*w - 52 = -d*o, 2*w + o + 4*o - 20 = b. What is the units digit of w?
5
Let v(i) = i**3 + 11*i**2 + i + 15. Suppose -3*l + 0*r - 33 = -r, 0 = -4*r. What is the units digit of v(l)?
4
Let p be 2/(-4) + 4/(-8). Let x = p - -7. Let v(b) = -b**2 + 7*b - 2. What is the units digit of v(x)?
4
Let h(o) = -7*o + 28. What is the hundreds digit of h(-14)?
1
Let y(k) = k**2 - 5*k + 6. Let u be y(5). Let f(t) = 9 + 0*t**2 + 4*t**2 + u*t - 3 - 2*t**2. What is the units digit of f(-4)?
4
Let i = 19 + -8. What is the tens digit of i?
1
Let l(v) = v + 5. Suppose 2*c = 3*b + 1 - 5, -6 = 3*c - b. Let s be -2 - 1/(c/4). What is the units digit of l(s)?
5
Suppose 2*h = -2*h + 2*z + 14, -4*h - 2*z = -26. Suppose h*m = 39 + 1. What is the units digit of m?
8
What is the units digit of (15/(-9))/(3/(-117))?
5
Let d(h) = -3*h + 3. Let j be d(-3). Suppose 0*a + a = j. What is the tens digit of a?
1
Let f be 2/((3 - 6)/(-6)). Suppose -q + 15 = f*q. What is the units digit of q?
3
Let i(l) = -1 - 1 + 5 - 7*l**2 + l**3. Let z be i(7). Suppose -z*r - 8 = -7*r. What is the units digit of r?
2
Suppose -4*r + 104 + 8 = 0. What is the units digit of r?
8
Let r be (2*-2)/((-11)/(-22)). What is the units digit of (-26)/r - 6/24?
3
Let h(z) = z - 6. Let x(w) = 4*w - 25. Let p(y) = 26*h(y) - 6*x(y). Suppose 5*s = -2*b + 10, 0 = 3*b + b + 4*s - 20. What is the units digit of p(b)?
4
Suppose 6*t - 10 = t. Let m be (-5)/(15/t)*-6. Suppose -m = -z - 2. What is the units digit of z?
2
Let h be (8/(-6))/((-4)/(-30)). Let z be ((-1)/2)/((-5)/h). What is the units digit of -1 - (-11 - z*2)?
8
Let m(q) = -2*q. Let g be m(2). What is the units digit of (-3 + (-14)/g)*6?
3
Suppose 3*o + 6*a = a + 251, -o = 4*a - 79. Suppose -4*m + 3*f = m - 112, -m = -2*f - 21. Suppose m = -4*v + o. What is the units digit of v?
6
Let l = -15 + 30. Suppose 5*o - l = 10. What is the units digit of o?
5
Suppose -105 = -5*g + 2*r, g = 2*r + 4 + 25. Let t = g + -27. Let j = t + 15. What is the units digit of j?
7
Let k be (-2)/(-4)*(-1 + 1). Suppose 2*b - 20 - 20 = k. What is the units digit of b?
0
Let s be (-15620)/(-140) + (-3)/(-7). What is the units digit of ((-3)/2)/((-42)/s)?
4
Let g = 232 - 60. What is the units digit of g?
2
Suppose -4*w = -181 - 195. What is the units digit of w?
4
Let p(f) = f**2 + 2*f - 1. Let x be p(-6). Let a be (-27)/(-12)*((0 - 3) + -1). Let k = a + x. What is the units digit of k?
4
Let m = -3 + -3. Let k(n) = n**2 + 5*n + 2. What is the units digit of k(m)?
8
What is the hundreds digit of 137 - 0*(-4)/16?
1
Suppose 4*s + 7 = -w, -3*w - 4*s + 3 = -0*w. Suppose -w*x = -19